{"id":54,"date":"2018-12-04T11:24:48","date_gmt":"2018-12-04T11:24:48","guid":{"rendered":"http:\/\/hotel-friedrichshafen.eu\/?page_id=54"},"modified":"2026-04-07T10:40:27","modified_gmt":"2026-04-07T10:40:27","slug":"restaurant","status":"publish","type":"page","link":"https:\/\/hotel-friedrichshafen.eu\/waldhorn\/friedrichshafen_hotels\/restaurant\/","title":{"rendered":"Restaurant"},"content":{"rendered":"<section class=\"l-section wpb_row height_medium\"><div class=\"l-section-h i-cf\"><div class=\"g-cols vc_row via_flex valign_top type_default stacking_default\"><div class=\"vc_col-sm-12 wpb_column vc_column_container\"><div class=\"vc_column-inner\"><div class=\"wpb_wrapper\"><div class=\"wpb_revslider_element wpb_content_element\">\n\t\t\t<!-- START Restaurant REVOLUTION SLIDER 6.7.41 --><p class=\"rs-p-wp-fix\"><\/p>\n\t\t\t<rs-module-wrap id=\"rev_slider_4_1_wrapper\" data-source=\"gallery\" style=\"visibility:hidden;background:transparent;padding:0;margin:0px auto;margin-top:0;margin-bottom:0;\">\n\t\t\t\t<rs-module id=\"rev_slider_4_1\" style=\"\" data-version=\"6.7.41\">\n\t\t\t\t\t<rs-slides style=\"overflow: hidden; position: absolute;\">\n\t\t\t\t\t\t<rs-slide style=\"position: absolute;\" data-key=\"rs-65\" data-title=\"Slide\" data-in=\"x:100%;\">\n\t\t\t\t\t\t\t<img decoding=\"async\" src=\"\/\/hotel-friedrichshafen.eu\/wp-content\/plugins\/revslider\/sr6\/assets\/assets\/dummy.png\" alt=\"\" title=\"Restaurant\" class=\"rev-slidebg tp-rs-img rs-lazyload\" data-lazyload=\"\/\/hotel-friedrichshafen.eu\/wp-content\/uploads\/2019\/02\/Pfifferlinge-Waldhorn.jpg\" data-no-retina>\n<!---->\t\t\t\t\t<\/rs-slide>\n\t\t\t\t\t\t<rs-slide style=\"position: absolute;\" data-key=\"rs-64\" data-title=\"Slide\" data-in=\"x:100%;\">\n\t\t\t\t\t\t\t<img decoding=\"async\" src=\"\/\/hotel-friedrichshafen.eu\/wp-content\/plugins\/revslider\/sr6\/assets\/assets\/dummy.png\" alt=\"\" title=\"Restaurant\" class=\"rev-slidebg tp-rs-img rs-lazyload\" data-lazyload=\"\/\/hotel-friedrichshafen.eu\/wp-content\/uploads\/2019\/01\/Hotel-Friedrichshafen-Waldhorn-Vorderansicht.jpg\" data-no-retina>\n<!---->\t\t\t\t\t<\/rs-slide>\n\t\t\t\t\t\t<rs-slide style=\"position: absolute;\" data-key=\"rs-67\" data-title=\"Slide\" data-in=\"x:100%;\">\n\t\t\t\t\t\t\t<img decoding=\"async\" src=\"\/\/hotel-friedrichshafen.eu\/wp-content\/plugins\/revslider\/sr6\/assets\/assets\/dummy.png\" alt=\"\" title=\"Restaurant\" class=\"rev-slidebg tp-rs-img rs-lazyload\" data-lazyload=\"\/\/hotel-friedrichshafen.eu\/wp-content\/uploads\/2019\/02\/Waldhorn-Terrasse4.jpg\" data-no-retina>\n<!---->\t\t\t\t\t<\/rs-slide>\n\t\t\t\t\t\t<rs-slide style=\"position: absolute;\" data-key=\"rs-70\" data-title=\"Slide\" data-in=\"x:100%;\">\n\t\t\t\t\t\t\t<img decoding=\"async\" src=\"\/\/hotel-friedrichshafen.eu\/wp-content\/plugins\/revslider\/sr6\/assets\/assets\/dummy.png\" alt=\"\" title=\"Restaurant\" class=\"rev-slidebg tp-rs-img rs-lazyload\" data-lazyload=\"\/\/hotel-friedrichshafen.eu\/wp-content\/uploads\/2019\/02\/RestaurantT15.jpg\" data-no-retina>\n<!---->\t\t\t\t\t<\/rs-slide>\n\t\t\t\t\t\t<rs-slide style=\"position: absolute;\" data-key=\"rs-69\" data-title=\"Slide\" data-in=\"x:100%;\">\n\t\t\t\t\t\t\t<img decoding=\"async\" src=\"\/\/hotel-friedrichshafen.eu\/wp-content\/plugins\/revslider\/sr6\/assets\/assets\/dummy.png\" alt=\"\" title=\"Restaurant\" class=\"rev-slidebg tp-rs-img rs-lazyload\" data-lazyload=\"\/\/hotel-friedrichshafen.eu\/wp-content\/uploads\/2019\/02\/ZanderK\u00fcrbis-Waldhorn.jpg\" data-no-retina>\n<!---->\t\t\t\t\t<\/rs-slide>\n\t\t\t\t\t\t<rs-slide style=\"position: absolute;\" data-key=\"rs-68\" data-title=\"Slide\" data-in=\"x:100%;\">\n\t\t\t\t\t\t\t<img decoding=\"async\" src=\"\/\/hotel-friedrichshafen.eu\/wp-content\/plugins\/revslider\/sr6\/assets\/assets\/dummy.png\" alt=\"\" title=\"Restaurant\" class=\"rev-slidebg tp-rs-img rs-lazyload\" data-lazyload=\"\/\/hotel-friedrichshafen.eu\/wp-content\/uploads\/2019\/02\/RestaurantT6_9.jpg\" data-no-retina>\n<!---->\t\t\t\t\t<\/rs-slide>\n\t\t\t\t\t\t<rs-slide style=\"position: absolute;\" data-key=\"rs-71\" data-title=\"Slide\" data-in=\"x:100%;\">\n\t\t\t\t\t\t\t<img decoding=\"async\" src=\"\/\/hotel-friedrichshafen.eu\/wp-content\/plugins\/revslider\/sr6\/assets\/assets\/dummy.png\" alt=\"\" title=\"Restaurant\" class=\"rev-slidebg tp-rs-img rs-lazyload\" data-lazyload=\"\/\/hotel-friedrichshafen.eu\/wp-content\/uploads\/2019\/02\/Waldhorn-Vase.jpg\" data-no-retina>\n<!---->\t\t\t\t\t<\/rs-slide>\n\t\t\t\t\t<\/rs-slides>\n\t\t\t\t<\/rs-module>\n\t\t\t\t<script>\n\t\t\t\t\tsetREVStartSize({c: 'rev_slider_4_1',rl:[1240,1024,1024,1024],el:[],gw:[1024,1024,1024,1024],gh:[650,650,650,650],type:'standard',justify:'',layout:'fullwidth',mh:\"0\"});if (window.RS_MODULES!==undefined && window.RS_MODULES.modules!==undefined && window.RS_MODULES.modules[\"revslider41\"]!==undefined) {window.RS_MODULES.modules[\"revslider41\"].once = false;window.revapi4 = undefined;if (window.RS_MODULES.checkMinimal!==undefined) window.RS_MODULES.checkMinimal()}\n\t\t\t\t<\/script>\n\t\t\t<\/rs-module-wrap>\n\t\t\t<!-- END REVOLUTION SLIDER -->\n<\/div><div class=\"wpb_text_column\"><div class=\"wpb_wrapper\"><h2 style=\"text-align: center;\"><strong><span style=\"color: #96825f;\">RESTAURANT<\/span><\/strong><\/h2>\n<\/div><\/div><div class=\"wpb_text_column\"><div class=\"wpb_wrapper\"><div class=\"col-md-8\">\n<div class=\"blog-area animate fadeInUp\" data-anim-type=\"fadeInUp\" data-anim-delay=\"900\">\n<div class=\"page-content\">\n<h4>Sie fragen sich: &#8222;Wo kann man in Friedrichshafen schw\u00e4bisch essen gehen?&#8220;<\/h4>\n<p>Regional und gutb\u00fcrgerlich?<br \/>\nDas Restaurant Waldhorn verw\u00f6hnt seine G\u00e4ste mit feinen Gerichten, zubereitet aus frischen Produkten der Region.<\/p>\n<p>Auf Wunsch k\u00f6nnen auch laktose- und glutenfreie Speisen zubereitet werden. Die Speisekarte wird stets den Jahreszeiten angepasst.<\/p>\n<div class=\"column\">\n<h4>Kastaniengarten<\/h4>\n<div>Im Sommer wird das umfangreiche Speisen- und Getr\u00e4nkeangebot gerne auch im herrlich schattigen Kastaniengarten serviert.<\/div>\n<h4>Feste und Feierlichkeiten<\/h4>\n<div>\n<p>Ob gesellige Runde, festliche Tafel oder gro\u00dfes Buffet \u2013 der Veranstaltungsraum \u201eDoZwo\u201c bietet Platz f\u00fcr bis zu 70 Personen und ist der perfekte Rahmen f\u00fcr Ihre Familienfeiern und Firmenevents. Das Waldhorn-Team freut sich auf Ihre Anfrage und Ihr Interesse.<\/p>\n<\/div>\n<h4>\u00d6ffnungszeiten:<\/h4>\n<div>Montag bis Samstag:\u00a0 ab 16 Uhr<br \/>\nSonntag Ruhetag.<\/div>\n<div><\/div>\n<div>Veranstaltungen ab 25 Personen nach Absprache auch au\u00dferhalb der \u00d6ffnungszeiten m\u00f6glich.<\/div>\n<h4>Telefon: 0 75 41\/ 95 70<\/h4>\n<\/div>\n<\/div>\n<\/div>\n<\/div>\n<div class=\"col-md-4\">\n<div class=\"sidebar-widget animate fadeInUp\" data-anim-type=\"fadeInUp\" data-anim-delay=\"200\">\n<div class=\"textwidget\"><\/div>\n<\/div>\n<\/div>\n<\/div><\/div><\/div><\/div><\/div><div class=\"vc_col-sm-12 wpb_column vc_column_container\"><div class=\"vc_column-inner\"><div class=\"wpb_wrapper\"><\/div><\/div><\/div><\/div><\/div><\/section><section class=\"l-section wpb_row height_medium\"><div class=\"l-section-h i-cf\"><div class=\"g-cols vc_row via_flex valign_top type_default stacking_default\"><div class=\"vc_col-sm-12 wpb_column vc_column_container\"><div class=\"vc_column-inner\"><div class=\"wpb_wrapper\"><\/div><\/div><\/div><\/div><\/div><\/section>\n","protected":false},"excerpt":{"rendered":"RESTAURANT Sie fragen sich: &#8222;Wo kann man in Friedrichshafen schw\u00e4bisch essen gehen?&#8220; Regional und gutb\u00fcrgerlich? Das Restaurant Waldhorn verw\u00f6hnt seine G\u00e4ste mit feinen Gerichten, zubereitet aus frischen Produkten der Region. Auf Wunsch k\u00f6nnen auch laktose- und glutenfreie Speisen zubereitet werden. Die Speisekarte wird stets den Jahreszeiten angepasst. Kastaniengarten Im Sommer wird das umfangreiche Speisen- und...","protected":false},"author":2,"featured_media":0,"parent":0,"menu_order":0,"comment_status":"closed","ping_status":"closed","template":"","meta":{"footnotes":""},"class_list":["post-54","page","type-page","status-publish","hentry"],"_links":{"self":[{"href":"https:\/\/hotel-friedrichshafen.eu\/waldhorn\/friedrichshafen_hotels\/wp-json\/wp\/v2\/pages\/54","targetHints":{"allow":["GET"]}}],"collection":[{"href":"https:\/\/hotel-friedrichshafen.eu\/waldhorn\/friedrichshafen_hotels\/wp-json\/wp\/v2\/pages"}],"about":[{"href":"https:\/\/hotel-friedrichshafen.eu\/waldhorn\/friedrichshafen_hotels\/wp-json\/wp\/v2\/types\/page"}],"author":[{"embeddable":true,"href":"https:\/\/hotel-friedrichshafen.eu\/waldhorn\/friedrichshafen_hotels\/wp-json\/wp\/v2\/users\/2"}],"replies":[{"embeddable":true,"href":"https:\/\/hotel-friedrichshafen.eu\/waldhorn\/friedrichshafen_hotels\/wp-json\/wp\/v2\/comments?post=54"}],"version-history":[{"count":99,"href":"https:\/\/hotel-friedrichshafen.eu\/waldhorn\/friedrichshafen_hotels\/wp-json\/wp\/v2\/pages\/54\/revisions"}],"predecessor-version":[{"id":1120,"href":"https:\/\/hotel-friedrichshafen.eu\/waldhorn\/friedrichshafen_hotels\/wp-json\/wp\/v2\/pages\/54\/revisions\/1120"}],"wp:attachment":[{"href":"https:\/\/hotel-friedrichshafen.eu\/waldhorn\/friedrichshafen_hotels\/wp-json\/wp\/v2\/media?parent=54"}],"curies":[{"name":"wp","href":"https:\/\/api.w.org\/{rel}","templated":true}]}}